7097?
-3991
In base 10, what is -278109 + 3?
-278106
In base 6, what is 5405 + 230333?
240142
In base 11, what is 2232 + -3113?
-991
In base 2, what is -10011111101100110101 + -110?
-10011111101100111011
In base 2, what is -10110 - -100100101000011110?
100100101000001000
In base 6, what is -3153345 - 103?
-3153452
In base 4, what is -23102332310 - -1123?
-23102331121
In base 4, what is -3310311 - -310022?
-3000223
In base 6, what is 1312452 - -452?
1313344
In base 13, what is 16 - -3b30946?
3b3095c
In base 6, what is -124135 - -4440?
-115255
In base 3, what is 1000101 - 1221111200020?
-1221110122212
In base 13, what is -4b64460b + -1?
-4b64460c
In base 7, what is 52333 - -41003?
123336
In base 3, what is 12 + 112201200011012?
112201200011101
In base 9, what is -45151632 - 22?
-45151654
In base 10, what is -23 + 395484?
395461
In base 9, what is 0 + -64206515?
-64206515
In base 11, what is a70a91 + -4?
a70a88
In base 12, what is -66 - -50197?
50131
In base 14, what is -2 - -9d784b0?
9d784ac
In base 12, what is -9a5a29 - 0?
-9a5a29
In base 9, what is 11313 + 27236?
38550
In base 10, what is 839 + 557207?
558046
In base 5, what is 10431 + -11103?
-122
In base 12, what is -3 + -2a565a38?
-2a565a3b
In base 4, what is 312123031 - 1111?
312121320
In base 6, what is 111144531 + 40?
111145011
In base 11, what is 4059 - 120?
3a39
In base 11, what is 327a7 + 172?
32969
In base 12, what is -a72 - -122785?
121913
In base 8, what is 71 + -104756?
-104665
In base 9, what is -365 - 12055?
-12431
In base 11, what is -231376 + -13?
-231389
In base 9, what is 13566 - -851?
14527
In base 11, what is -3938 - -1700?
-2238
In base 16, what is ef70 + 26?
ef96
In base 13, what is 7015c - 57?
70105
In base 2, what is 100000110 - -1001111101101?
1010011110011
In base 12, what is 1 - -4049959?
404995a
In base 8, what is -704 - 220003?
-220707
In base 3, what is 200201222201002 - 0?
200201222201002
In base 2, what is -1000100111111000011100101 + 11?
-1000100111111000011100010
In base 15, what is -5636e4 - -7?
-5636dc
In base 2, what is 10000 - -1001000111001011000100?
1001000111001011010100
In base 7, what is 121552030 + -21?
121552006
In base 7, what is 3 + 635361041?
635361044
In base 2, what is 100111010 + -111011101101?
-110110110011
In base 13, what is -2004 - -2a07?
a03
In base 13, what is -19bcbb0 + 9?
-19bcba4
In base 13, what is -1385339b + -5?
-138533a3
In base 10, what is 407321 - 25?
407296
In base 7, what is 0 - -401530450?
401530450
In base 4, what is -11 + 12312230301031?
12312230301020
In base 13, what is 15 - 1ba0a16b?
-1ba0a156
In base 11, what is -12 - 2044195?
-20441a7
In base 3, what is 20000222121 - 2001?
20000220120
In base 8, what is -204 - -52064?
51660
In base 13, what is 297 - -26c1a?
271b4
In base 6, what is -34 - 45031122?
-45031200
In base 7, what is -22621511 + 440?
-22621041
In base 3, what is 112112220 - 2210200?
102202020
In base 10, what is -26 + 1621709?
1621683
In base 14, what is 5b58b6b - 3?
5b58b68
In base 12, what is -3 - -149a32?
149a2b
In base 3, what is 20 + 10120010122121?
10120010122211
In base 11, what is -2593866 + 2?
-2593864
In base 10, what is -5620 + -1138?
-6758
In base 6, what is -25 - -1053331503?
1053331434
In base 14, what is -2751 + 18cd?
-c62
In base 15, what is -24c5ba1 + -5?
-24c5ba6
In base 12, what is 18085 - 498?
177a9
In base 4, what is 10 - -11320000020210?
11320000020220
In base 13, what is 70c9875 + 2?
70c9877
In base 11, what is -48 - -754975?
754928
In base 2, what is 110011111000 - 10010000000010?
-1011100001010
In base 14, what is b03b9 - -42?
b041b
In base 13, what is 6bc75a - -53?
6bc7b0
In base 13, what is 1c55 + -1b613?
-1968b
In base 8, what is -4026 + 20765?
14737
In base 3, what is 110022020102112 - -10020?
110022020112202
In base 13, what is 1478 + a1b?
2196
In base 9, what is -17200 - -2446?
-14643
In base 12, what is 1 + 3607b01?
3607b02
In base 13, what is -5 + 74c7a8?
74c7a3
In base 7, what is 1111302 - 3403?
1104566
In base 3, what is 120011 - 10020212110010?
-10020211212222
In base 4, what is -30301120100 - 23?
-30301120123
In base 7, what is -10301 - -45502?
35201
In base 2, what is 110111000011 + -110000101010111?
-101001110010100
In base 7, what is 14363510 - -654?
14364464
In base 12, what is -8b - 9b2a4?
-9b373
In base 2, what is 1010001 - 1001111010000011000?
-1001111001111000111
In base 16, what is -a5 - -26abd8?
26ab33
In base 5, what is -21322130231 + 30?
-21322130201
In base 6, what is 15145425203 - -2?
15145425205
In base 16, what is -e571 + -422?
-e993
In base 6, what is -234450331 + -14?
-234450345
In base 15, what is 19e97 - -5?
19e9c
In base 3, what is 2002001202 - -2202200?
2011211102
In base 15, what is 464b + -7b4?
3d87
In base 11, what is -3 - -32840a64?
32840a61
In base 14, what is -34 - b095?
-b0c9
In base 13, what is 91998ac0 - -5?
91998ac5
In base 9, what is 4 - 16828168?
-16828164
In base 2, what is 100 + 101111100000010100110?
101111100000010101010
In base 7, what is -346062 + -211?
-346303
In base 11, what is 630929 - 2?
630927
In base 3, what is 200111 + 12120020200?
12120221011
In base 6, what is -3 - -312512331?
312512324
In base 11, what is -a + -6165?
-6174
In base 13, what is -14b - 2a495?
-2a613
In base 3, what is -20221220122202220 - -21?
-20221220122202122
In base 15, what is -12639c6d + -5?
-12639c73
In base 7, what is 214251565 - -6?
214251604
In base 9, what is -58 + -456206?
-456265
In base 2, what is 101 + 1010010011011010110101101?
1010010011011010110110010
In base 7, what is -205331111 + 0?
-205331111
In base 6, what is 3 + -313020224?
-313020221
In base 12, what is a4316 - 17?
a42bb
In base 11, what is -2817a + -17a?
-28349
In base 8, what is 10314 - -123534?
134050
In base 4, what is -303131211110 + 10?
-303131211100
In base 7, what is 1451 + -111443?
-106662
In base 10, what is 812705 + 547?
813252
In base 14, what is 4d - -1d051d?
1d056c
In base 13, what is -142595 - -8?
-14258a
In base 16, what is 29530 + -7?
29529
In base 3, what is 1 + 22212211212001?
22212211212002
In base 14, what is 1 - -6ca1c3?
6ca1c4
In base 4, what is -33 + 102002302003?
102002301310
In base 13, what is a812 - -3c88?
1179a
In base 3, what is 20 + 22120200220000?
22120200220020
In base 11, what is 149a + -113536?
-112047
In base 16, what is -5b2a + de?
-5a4c
In base 7, what is -1601 - 361603?
-363504
In base 9, what is -3757518 - -5?
-3757513
In base 2, what is 1001101111000111001011 - 10?
1001101111000111001001
In base 10, what is 29532 - 1459?
28073
In base 5, what is -2224140 - -323?
-2223312
In base 8, what is -5 - -365207327?
365207322
In base 16, what is -24a46 - -31?
-24a15
In base 15, what is 86cdae + -2?
86cdac
In base 13, what is -211757 + 7?
-211750
In base 12, what is 7 + 7ba63b?
7ba646
In base 12, what is -4017 - -1099?
-2b3a
In base 16, what is 5 - 4064a5?
-4064a0
In base 13, what is -1b54 + 250?
-1904
In base 14, what is b - 8dc25?
-8dc18
In base 7, what is 54 - -233262?
233346
In base 2, what is -100011011101000 + -101000011011111?
-1001011111000111
In base 14, what is -1357 - 33d?
-1696
In base 15, what is 4 - 37c6dc?
-37c6d8
In base 2, what is -10011110 + 100100000010010000?
100011111111110010
In base 7, what is 325 - 12266661?
-12266333
In base 8, what is -25347531 + 5?
-25347524
In base 9, what is -1 - 281176632?
-281176633
In base 10, what is 76949105 - 0?
76949105
In base 4, what is 131332001 + 2211?
132000212
In base 4, what is 1222310031203 - 3?
1222310031200
In base 10, what is -37 - 2721948?
-2721985
In base 14, what is -4 + -44bc46?
-44bc4a
In base 5, what is -11 - -120202124?
120202113
In base 6, what is -251335011 - -11?
-251335000
In base 5, what is -4 + -103322213?
-103322222
In base 9, what is 0 - 11717743?
-11717743
In base 2, what is 11110 + -100100101100000?
-100100101000010
In base 4, what is 2132103311 - -23?
2132110000
In base 3, what is 11120200000 + -10102220?
11110020010
In base 12, what is -3 - -8a096ab?
8a096a8
In base 9, what is 401456065 - -1?
401456066
In base 13, what is -14b0 + -389?
-1869
In base 4, what is 12020322 + -10011?
12010311
In base 2, what is -101101110111011010010001 + -11?
-101101110111011010010100
In base 14, what is 8 + 74678b?
746795
In base 10, what is -1 + 33421655?
33421654
In base 5, what is -11